test common factor of 2160 and b?
240
Let k = 32035 + -32002. Calculate the greatest common factor of k and 951.
3
Let c = 7496 - 6432. Calculate the highest common factor of 154 and c.
14
Suppose -44*d - 34520 = -36280. Suppose -4*y - 4*c = -58 + 6, -2*y + 3*c = -21. Let o = y + -7. Calculate the greatest common factor of d and o.
5
Suppose -1941 = o + 3663. Let m be (-4)/(-26) - o/78. Calculate the greatest common factor of 8 and m.
8
Let w = 773 - 266. Let d be (32/96)/(1/117). Calculate the greatest common divisor of d and w.
39
Let h(r) = -1580*r + 14235. Let o be h(9). Calculate the greatest common factor of 327 and o.
3
Let u = -3666 - -3701. Suppose 0 = 4*q - 4*d - 76, -q + 2*q + d - 11 = 0. Suppose 0 = -w + 4*w - q. Calculate the highest common divisor of w and u.
5
Let l(z) = z**3 - 7*z**2 + 17*z - 98. Let j be l(8). What is the highest common factor of 414 and j?
6
Let u(x) = x**3 - x**2 - 3*x + 4. Let c be u(2). Let o be c - (-7 - -4 - 19). Suppose o = -14*l + 18*l. Calculate the highest common factor of l and 9.
3
Suppose -2352*z + 17667 = -2343*z. What is the greatest common divisor of z and 604?
151
Let i(m) = m**3 + 17*m**2 + 31*m + 28. Let o be i(-15). Suppose 11 + o = 12*t. What is the greatest common factor of 9 and t?
1
Suppose -6*c + 11100 = 4*z - 10*c, 2805 = z + 4*c. What is the highest common factor of 27 and z?
27
Let h be -2*1/(2/(-3)) + -2. Let w(r) = 100*r**3 - 3*r**2 - r + 2. Let p be w(h). Let f be (-16)/(1/(-1)) + -2. What is the highest common divisor of f and p?
14
Suppose 10*k + 18 = -262. Let s = -22 - k. Calculate the greatest common divisor of s and 26.
2
Let x(i) = -i - 2. Let h be x(-4). Suppose -3*a = -8*a - 10. Let z be 108/24 - (-3)/a. What is the greatest common divisor of z and h?
1
Let p(v) = 22*v**2 - 2*v + 1. Let b be p(1). Suppose 7*k - 123 = -294 + 465. Calculate the greatest common factor of k and b.
21
Let l(w) = 37*w + 2078. Let s be l(-56). Calculate the greatest common factor of s and 4434.
6
Suppose 2*d = 226 + 250. Suppose 622*f - 629*f + d = 0. Let l(m) = 52*m**3 - m**2 - m + 1. Let g be l(1). What is the highest common factor of f and g?
17
Let n be (-4 - (-18)/4)*0 + 3. Suppose 5*m - 225 = -5*l, 36 = l + n*m - 15. What is the greatest common factor of 105 and l?
21
Let p(v) = -v**3 - 9*v**2 - 23*v + 5. Let c be p(-5). Calculate the greatest common divisor of 4820 and c.
20
Suppose 10 = 2*z - 3*l, 4*z - 3*l - 6 = -4*l. Suppose z*q + 0*u - 4*u = 278, 3*q - 420 = 3*u. What is the highest common divisor of 188 and q?
47
Let n(o) = -32*o - 2. Let x be n(-4). Let j = -76 - 57. Let b = j + 147. What is the highest common factor of x and b?
14
Let z = 4557 + -4409. What is the highest common divisor of z and 19610?
74
Let w = -12 + 17. What is the highest common factor of w and 95?
5
Let b = 3862 - 3694. What is the greatest common factor of b and 264?
24
Suppose 58*w - 60*w + 88 = 0. Let x = w - -3. Calculate the greatest common factor of 1175 and x.
47
Let y(t) = 5*t - 30. Suppose -16*u + 154 = -9*u. Let w be y(u). What is the greatest common divisor of w and 48?
16
Let t be (25/(-15)*3)/((-2)/(-172)). Let r = -414 - t. What is the greatest common factor of 304 and r?
16
Let u = -3 + 2. Let g(b) = -b - b + 9537*b**2 - 4763*b**2 - 4760*b**2. Let s be g(u). What is the highest common divisor of s and 48?
16
Suppose 7540 = 24*h - 32780. Suppose 5*j + 2*j - h = 0. What is the greatest common divisor of j and 90?
30
Suppose -3*f - 6119 = -t + 3304, 0 = 5*t + f - 47019. Calculate the greatest common factor of t and 55.
55
Let s = 32038 - 22161. What is the highest common divisor of 238 and s?
119
Suppose 2*t = -370 - 64. Let c = t - -223. What is the highest common divisor of 54 and c?
6
Let l = -197 - -124. Let o = l + 88. Let j be ((-27)/o)/((-24)/160). What is the greatest common divisor of j and 4?
4
Let v(q) = 152*q**2 + 1656*q - 10. Let u be v(-11). What is the greatest common divisor of 46 and u?
2
Let x be 335/20*4 - 2. Let h be (-1 + 4/3)*-129. Let w = h + x. What is the greatest common factor of 176 and w?
22
Let f be 6/240*136 - (-6)/10. What is the greatest common factor of 236 and f?
4
Suppose -38*y + 1569 = 3*w - 35*y, 2*w + y = 1052. Let l(p) = p**3 - 5*p**2 - 4*p + 11. Let f be l(6). What is the highest common divisor of f and w?
23
Let b = -2899 - -3066. What is the highest common factor of b and 9853?
167
Let l(v) = -2*v**2 + 136*v - 240. Let z be l(64). Calculate the highest common divisor of z and 833.
17
Suppose -2*y = 3*n - 7009, -9396 = -4*y + n + 4671. Calculate the highest common divisor of 1520 and y.
95
Suppose -1162 = -81*z + 3698. Suppose -2*w = -2*j - 6, 3*j - 4*w + 11 = -3. Let i be (-25)/(-2) - j/4. Calculate the greatest common divisor of i and z.
12
Suppose -5*x - 5*i - 85 = -2*x, -4*x - 3*i - 128 = 0. Let g = 70 - x. Calculate the highest common divisor of g and 10.
5
Let x(v) = -65*v**2 + 393*v + 14. Let q be x(6). Calculate the highest common factor of q and 28.
4
Let g = -283 - -427. Suppose -58 = -5*p - 18. Suppose p*o = 7*o + g. Calculate the greatest common divisor of 18 and o.
18
Let a(f) = 17*f**2 - 19*f - 8. Let j be a(-12). Let l = -1900 + j. What is the highest common factor of 24 and l?
24
Let i(p) = 8*p**2 + 25*p - 19. Let d(u) = u**3 + 14*u**2 + 10*u - 53. Let b be d(-13). Let t be i(b). What is the highest common factor of 11 and t?
11
Let i be 12/(-5)*(-350)/70. Calculate the greatest common factor of 4188 and i.
12
Let m = 31 + -4. Suppose 2*o - 207 = -p + 5*o, -p + 5*o + 219 = 0. What is the greatest common divisor of p and m?
27
Let n be (2 - (-42)/(-9))*67410/(-1284). Let a = -49 + 69. Calculate the highest common factor of n and a.
20
Suppose 9*s - 3668 = -14*s + 2956. What is the highest common divisor of 1224 and s?
72
Suppose -231 = -2*r - r. Let t be (84/196)/((-1)/(-102)) + 74/259. What is the greatest common factor of t and r?
11
Let n be -50 + 51 + 1 + 40. Suppose 9*s - n = 8*s. What is the highest common divisor of 315 and s?
21
Suppose -3*h - 18 = -4*h. Suppose 0 = 2*m - 8, p + 7*m - 270 = 3*m. Suppose 1244 = 5*c + p. What is the highest common factor of h and c?
18
Let z be -4*(-1 + -2*2/(-8)). Suppose -4*c - 4 = 2*w, 0 = c + z*c. Let h be (0/(-3) - w)*12/1. What is the highest common divisor of 6 and h?
6
Let r(i) = i**3 + 16*i**2 + 87*i + 829. Let l be r(-14). Calculate the greatest common divisor of l and 4467.
3
Let g = 100 - 63. Suppose -4*l = 1 - g. Let y be 11*3/l - 20/30. What is the greatest common factor of 4 and y?
1
Let w = 1596 + -1113. What is the greatest common divisor of 84 and w?
21
Let k = -66 + 92. Suppose -3*g + 170 = 2*g. Suppose d + k = g. Calculate the greatest common factor of 4 and d.
4
Let o = -187 - -217. Calculate the greatest common divisor of 1870 and o.
10
Let j be (-16)/104 - 3/((-78)/4). Suppose j = 63*c - 64*c + 2. Calculate the greatest common divisor of 11 and c.
1
Suppose 0 = 2*k + 10, 4*a + 8*k - 40 = 12*k. Calculate the highest common divisor of 167 and a.
1
Suppose 0 = -3*m - 4*i + 2240, 0 = -11*m + 7*m + 4*i + 2940. Suppose 25*j = m + 660. Let z = 100 - 16. Calculate the greatest common factor of z and j.
28
Let a be 240/45 + -5 + (-236)/(-3) + 3. Calculate the highest common divisor of 697 and a.
41
Let v(f) = -7*f - 102. Let a be v(-14). Let l(s) = -9*s - 33. Let p be l(a). Calculate the greatest common divisor of p and 75.
3
Suppose 3*v + 4*k - 8 = 0, 2*k + 4 = -5*v + 4*k. Let r = v + 10. Suppose 5*m - 245 = 3*w + 305, -3*w = 0. What is the greatest common divisor of r and m?
10
Suppose 3*w + i = 3896, 3*i = 4*w - 2958 - 2254. What is the greatest common factor of 52 and w?
52
Suppose -26*d = 19*d - 64*d + 38. Let x = 45 + 13. Calculate the highest common divisor of x and d.
2
Let m = 130 + -84. Let u = 699 + -737. Let r = m + u. What is the highest common divisor of 4 and r?
4
Let h be 23/(-46)*-4 + 20 + -1. What is the highest common factor of h and 4067?
7
Let b = 11153 - 11131. What is the highest common factor of 14982 and b?
22
Let u(n) = 10*n + 8. Let l be u(1). Let m(f) = -50*f + 156. Let g be m(-3). Calculate the highest common divisor of l and g.
18
Let o be 273/12 + 355/284. What is the highest common divisor of o and 5976?
24
Let w = 448 + -424. Let r(z) = -z - 7. Let f b